f 3 + 4 + -2 + (5 - 3 - 0)?
7
What is the value of 2 + -7 + (4 - (9 + -7)) + -6?
-9
(-2 - 0) + 7 + -20 + 21
6
Calculate (-4 + 5 + 6 - (9 + -2)) + -6.
-6
Calculate 9 + (-21 - -29) - 38.
-21
Evaluate 200 - 175 - (15 - 1).
11
What is the value of 32 + (-81 - -42 - -41)?
34
50 - (21 + 18) - (4 - -3)
4
Evaluate 36 + 5 + 14 + -40.
15
Evaluate -22 + (-5 - (-4 - 15)).
-8
(11 - 19) + 1 + 4 + -3
-6
What is 3 + -20 + 18 + -11 - 17?
-27
Calculate -251 + 246 + (-1 - -5).
-1
What is (6 - 4) + (-2 + -12 - -6) - 8?
-14
Evaluate (-6 - 5) + 19 + 5 + -9.
4
-11 + (0 - 4) + 22 + 3
10
What is the value of -1 + 3 + (8 - 2 - 13)?
-5
What is -5 + -1 - (0 + -5 + (-2 - -2))?
-1
Calculate -2 + (-12 - (1 + -9) - -8) - 0.
2
What is the value of 0 + -6 + 0 + 2 + -2 + 10?
4
Evaluate (-1 - 5) + (5 - (17 + 6 + -14)).
-10
What is the value of 3 + 8 - ((1 - 1 - -3) + -3)?
11
What is -10 + -3 + 12 - 8?
-9
Evaluate 12 - (10 + 10 + -6 + -11 + 9).
0
What is the value of -4 - (-15 + -13 + -11 + 27)?
8
Evaluate 19 + -5 + -10 - (0 + -3 - -4).
3
What is (10 + 1 - (-198 + 206)) + -20?
-17
Evaluate -17 - (-2 + 7 - (11 + -2 + 3)).
-10
What is the value of (-5 - -4 - -3 - (-22 - -14)) + -32?
-22
Evaluate -1 - -11 - (230 + -220).
0
What is the value of (131 - 136) + (4 + -9 - 4)?
-14
(10 - -1) + (-9 - -1) + 12 + -8
7
Evaluate (-15 - -32) + (-11 - 0).
6
10 - (15 - 6 - (-14 + -4))
-17
(-29 - -25) + 0 + -7 - 6
-17
Evaluate (10 - -23) + -12 + (17 - 2).
36
What is the value of 15 - (-9 - -40) - -27?
11
Calculate -14 - (-6 - -1) - (-4 + -19).
14
What is 12 + -8 - (-40 - -47)?
-3
-12 - (-8 - (9 - 12))
-7
12 - ((2 - -15) + (-125 - -91))
29
Calculate 40 - 18 - (-14 - -47).
-11
Evaluate 18 + -6 - (-10 + -3).
25
What is 3 - 5 - (-1 + 0) - (-28 + 23)?
4
Calculate -15 - 9 - (-7 - 18).
1
Evaluate -2 + 2 + 0 + 2 + -5 + 4.
1
4 - 12 - -11 - 3
0
What is the value of 3 - (1 - -12) - -14?
4
Evaluate (-5 - -18 - 2) + -25.
-14
Calculate 101 + -122 - (-6 + 3).
-18
What is (0 + -2 - (-2 - -7)) + (5 - -7)?
5
Calculate 94 + -62 - (23 - 1).
10
What is the value of -1 + 14 - (226 + -231)?
18
What is the value of 1631 + -1611 - (3 + (-3 - -2) - 11)?
29
What is the value of 3 + 11 + -4 + 5 + -4?
11
Calculate 10 - (-1 + 0 - (-10 - (12 + -23))).
12
Evaluate -8 - (0 - -4) - -2 - (4 - 0).
-14
What is -7 - ((-6 - -6) + -5) - -5?
3
What is the value of -14 + 26 - (2 + -3 + 17)?
-4
What is 34 + 4 + (-55 - -16)?
-1
What is the value of 78 - 92 - (-8 + (2 - 1))?
-7
Evaluate 20 - (7 + -8 - (0 + -5 + 8)).
24
Evaluate -11 + (-13 - -4 - (-15 - 28)).
23
Calculate -1290 + 1295 + (2 - 2) + -9.
-4
Calculate 0 + -1 + -2 + (92 - (167 + -85)).
7
What is the value of 1 + (4 + (-2 - 0) - -8)?
11
Evaluate -3 - -3 - (1 + 3) - -16.
12
What is the value of 8 - (-3 + -3 + 7)?
7
What is -2 + 3 + 0 + -5 + 10 + 2?
8
What is the value of (57 - 24 - 31) + -1 + -32 - -2?
-29
What is 1 + (5 - (7 + 8))?
-9
What is 3 + -13 + 16 + -16?
-10
Calculate -8 + -1 + (-49 - -50 - (-1 - 3)).
-4
Evaluate (6 + -7 - 1) + -3 + 20.
15
Calculate 184 - 159 - (22 - 1).
4
Calculate 11 + -1 + (15 - (27 - 11)).
9
Evaluate (-9 + 14 - 19 - -24) + -12.
-2
Calculate -29 + 30 + -4 + 17.
14
(-1 + -2 - 1) + (-237 - -234)
-7
What is the value of -7 - (-2 + 17 - 13)?
-9
Calculate 12 + 1 + -25 + (-4 - -2).
-14
-7 + 33 - 1 - (10 - (-5 + 14))
24
Evaluate (-1 - (-10 + (9 - -3))) + -5.
-8
3 + (5 - 7) + (3 - -1)
5
What is -3 + -6 + -13 + 21 - (12 - 1)?
-12
What is the value of 0 - 27 - (959 + -985)?
-1
Evaluate -34 + 21 + 5 - -19.
11
(-19 + 14 + 19 - 23) + 6
-3
13 - 1 - (36 + -39)
15
Evaluate 119 - 108 - (-10 - 2).
23
What is the value of -31 + (-3 - -1 - (29 + -32)) + 7?
-23
What is the value of -19 + (-19 - -10) + 13 + 13?
-2
Calculate -7 - -8 - (4 - 13).
10
Evaluate -38 + (-65 - -53) + (-2 - -30).
-22
Calculate 7 + -1 - (-35 - -34) - 4 - 6.
-3
What is the value of -5 + (6 + -19 - -24)?
6
Calculate 2 + -31 + 15 - -9.
-5
What is the value of -7 + (11 - 14 - (4 - 3 - 6))?
-5
What is -28 - (-49 - (-12 + -11))?
-2
Evaluate (-2 - 46) + 5 + -5 + 5 + 5.
-38
Calculate 1 + 3 + -31 + 32.
5
-20 + -9 + -12 + 21
-20
What is the value of 18 - -1 - (159 - 126)?
-14
What is (33 - 12) + -4 + -8?
9
What is -6 - (2 + 2 + -12 - (4 - 2))?
4
What is the value of 1 - 14 - (-135 + 108)?
14
Evaluate 12 + -24 - (-2 + (9 - -4) + -5).
-18
What is -10 + -36 + 64 - (0 - -6)?
12
Calculate (3 - -4) + -36 + 50 - 5.
16
Evaluate -5 - (4 + (-5 - (15 - 0))).
11
-1 - -26 - (-371 + 402)
-6
What is 4 + 6 + -5 - -5 - 12?
-2
Calculate (-18 - -8) + (-16 - (-16 + 8)).
-18
Calculate -20 + (-16 - -67 - 25).
6
What is (5 - 16) + 11 - (0 + 19)?
-19
What is the value of 0 + -19 + 22 - (-1 - -11)?
-7
Evaluate (-1 - 0 - -3 - 4) + -338 + 351.
11
What is (10 - -22) + (-3 - 1 - 2) + -9?
17
Evaluate (-1 - -3 - 2) + (9 - 3) - 10.
-4
What is the value of -52 + 0 + 258 + -221?
-15
What is the value of -57 - -89 - (-10 - -32)?
10
What is -10 - (-2 + 0) - (-8 - -1)?
-1
Evaluate 4 - (-11 - 3) - 6 - (3 + 0).
9
Calculate -75 + 52 + -2 + -2.
-27
(-1 - 0) + (-6 - (-16 + 0))
9
-2 + 7 + 2 - (65 - 57) - 4
-5
3 + 1 + (-30 - -30) + -1
3
-1 - ((-5 - -2) + 5) - 5 - 13
-21
What is the value of (-2 - -7) + -2 + -1 + -9 + -7?
-14
Evaluate 10 + (-1 - 4 - -13).
18
(-1 + 11 - 12) + (2 - 4) - -21
17
Calculate -10 - ((-33 - (-2 - 4)) + 6).
11
Evaluate -22 + (7 + 6 - -11).
2
What is the value of -152 + 135 + (7 - -5)?
-5
Calculate 1 + -3 - (-8 - -1 - (91 + -78)).
18
What is -2 + -1 + 1 + (-23 - (13 + -52))?
14
What is the value of 92 - 77 - (-1 + 3 - (1 + -2))?
12
What is the value of 5 + (4 - -8) + -20?
-3
What is the value of (5 - 8) + (9 + -4 - 5) + 15?
12
What is the value of -30 + -3 - (5 - 32)?
-6
Calculate 6 + -30 + 1 + 20 + -22 + 1.
-24
What is -20 - (-3 + -19) - -6?
8
6 - (42 - 5 - 29)
-2
Evaluate 27 + -57 - -22 - 9.
-17
What is the value of -16 + (-1 - -25 - 13)?
-5
Evaluate 2 + (14 - (1 + 8 + -6)).
13
Calculate -837 + 823 - (-10 - (7 + -4)).
-1
Evaluate (-6 - -4 - 2 - 12) + 1 - -1.
-14
Calculate -1160 - -1136 - (1 + -4 - -1 - 7).
-15
What is 0 - 5 - 3 - (-14 - -3 - -7)?
-4
Evaluate (-8 - 4) + 16 + -3 + 5 + -21.
-15
What is (17 - 10) + 1 + -2?
6
Calculate -3 + (2 - -7) + -9 + (1 - -3).
1
(-1 - (0 + 0 + 1)) + (368 - 358)
8
What is -1 + 15 - (2 + -3) - (-18 + 23)?
10
Calculate 0 + 2 + 1 + -49 + 38.
-8
9 - (-3 - (1 + 1 + -10 + 6))
10
Calculate (-20 - -16) + 10 - 32.
-26
-5 + -15 + 8 + 7 + -4
-9
What is (-1 - 9) + 2 - (-9 + (0 - -1))?
0
Evaluate -57 - (-26 + -12 - 9).
-10
Calculate 1 + -4 - (-29 + 13).
13
Calculate -3 - 12 - (-7 - 1).
-7
Evaluate (-16 - 11) + 13 + (3 - (-2 + 3)).
-12
Calculate -14 + (19 - (3 + 15)).
-13
What is 12 + (10 + 1 - (-1 + 14))?
10
1 + 36 + -3 - ((-59 - -5) + 65)
23
8 - ((2 - (-5 + 2)) + -5)
8
What is the value of (33 + -18 - 35) + -8?
-28
2 + 33 + 27 + -16 + -20
26
What is -37 + -1 - -14 - -46?
22
What is 0 + -5 + 15 - (2 + -1) - 7?
2
Calculate 36 + -25 + 3 + -35 + -1.
-22
What is -1 + -5 + 5 - -8 - 9?
-2
Evaluate (-3 - 17) + 24 - (5 + 0 - 1).
0
What is the value of -3 - -6 - (-25 - -7)?
21
What is the value of -17 - (57 - 36) - (-1 - 10)?
-27
Evaluate (6 - (18 + -29)) + -21.
-4
What is -1 + -2 - (416 + -427)?
8
What is the value of -65 + 23 + 37 + -1 + -5?
-11
Evaluate -14 + 1 + (-10 - -15).
-8
Evaluate 8 - ((-18 - -4) + 38).
-16
Calculate -13 - (-1 + (-12 - (-6 + -11))).
-17
Calculate -22 + 15 + -5 - -14.
2
What is (-3 + 1 - 4 - -6) + 7?
7
Evaluate (7 - (14 - 10)) + (1 - 12) + -3.
-11
Evaluate 4 + -11 + (-22 - (-12 + 8 + 6)).
-31
What is the value of -171 + 156 - (1 - 20)?
4
Calculate -5 - (-1 - 3 - 7) - (-20 + 13).
13
(-3 - -10) + (28 - 27) + 7
15
Evaluate (47 + -42 - (0 + -3)) + -18 + 10.
0
Evaluate 7 + (-2 - -7 - 12).
0
Evaluate -12 + 1 + -2 + -43 + 46 + 36.
26
Calculate -20 + (20 - 20 - -7).
-13
(2 - 13) + 15 - (-3 + 34)
-27
Calculate (-21 - -19) + (3 - 0) + -17.
-16
Calculate 12 - (7 + -3 + 19).
-11
-24 - (11 - (24 - -6))
-5
What is 14 + (-17 - (-5 + 13 - -3))?
-14
What is 16 - 8 - 7 - (4 + 8)?
-11
Calculate 0 + -2 + (-2 + 5 - (185 - 182)).
-2
What is the value of -9 + 2 - (-4 - 8)?
5
Evaluate (-18 - -4) + 9 - 7.
-12
What is 11 - (-4 - ((-8 - 10) + 9))?
6
What is -11 + ((8 - 3) + 2 - -2) + 1?
-1
What is the value of 15 + (3 - (6 + 2) - -3)?
13
What is (1 - 14 - 1) + 119 + -68 + -42?
-5
Calculate -4 - (-14 - 2 - -9 - -3).
0
C